hen 468 is divided by l.
4
Let y(u) = 79*u**3 + 2*u**2 + 6*u - 5. Let x be y(2). Let n = x - 555. What is the remainder when n is divided by 34?
24
Let u(p) = 5*p**2 - 70*p + 11. Let y be u(14). Let f(a) = -3*a**3 + 33*a**2 + 3. What is the remainder when 86 is divided by f(y)?
2
Calculate the remainder when (-204)/(-48) + -4 + (-727)/(-4) is divided by 87.
8
Let i = 2410 + -2387. Let g(f) = f**2 + 4*f - 7. Let r be g(-5). Calculate the remainder when (-3)/(((-2)/(-15))/r) is divided by i.
22
Suppose 2*l - 66*b = -65*b + 656, 2*l + 4*b = 686. Calculate the remainder when l is divided by 4.
3
Let l = -38 + 54. Suppose -2247 - 3547 = -4*y + 3*s, 5784 = 4*y + 2*s. Let i = -1369 + y. What is the remainder when i is divided by l?
14
Suppose 17 = -3*j + 26, -h = 5*j - 15. Suppose 3*o = l - 12 + 4, -5*l - 3*o + 94 = h. What is the remainder when (-197)/(-4) - (-1)/(-4) is divided by l?
15
Let q = 50 - 33. Let z(u) = 5*u - 26. Let a be z(11). Suppose 14 = 5*j + h - 9, 5*j - 2*h - a = 0. Calculate the remainder when q is divided by j.
2
Suppose 4*y - 5022 = -38. Suppose y = 2*r + t, 0 = 2*r - 4*t + 237 - 1483. What is the remainder when r is divided by 52?
51
What is the remainder when -11 + -3452*(11 - 13) - 10 is divided by 17?
15
Suppose -166*u + 12095 = -7493. Let x(p) be the third derivative of p**4/6 - 7*p**3/6 + p**2. What is the remainder when u is divided by x(6)?
16
Suppose -2*y + 0*b + 33 = 3*b, 0 = 5*b - 25. What is the remainder when 0/(3 + -10) + (-7 - -37) is divided by y?
3
Let s(z) = 2*z**2 + z - 8. Let d = 7926 + -7892. What is the remainder when s(8) is divided by d?
26
Let b = 29 + -26. Let i(p) = -8*p + 19. Let j be i(b). What is the remainder when (-1)/(((-1)/118)/(6 + j)) is divided by 17?
16
Let v = 45 + -42. Suppose -6 = -4*g + v*g + p, -3*g + 53 = 4*p. Suppose 5*y - 331 = -g. Calculate the remainder when y is divided by 13.
12
What is the remainder when 590 is divided by 147*(23 + 845/(-39))?
2
Let l = 10 - -33. Suppose 17*h + l = 18*h. Let s = h + -36. Calculate the remainder when 34 is divided by s.
6
Let h(w) = -w**3 + 35*w**2 - 16*w + 600. Suppose 3*m = -4*d + 768, -d - m + 192 = -0*m. Calculate the remainder when d is divided by h(35).
32
Let k = 151 - 158. Calculate the remainder when 23 is divided by 8/56 - ((-124)/k)/(-2).
5
Suppose 4*p - 10*b = -5*b + 41, 3*b = 3*p - 30. What is the remainder when 2816 is divided by p?
8
Suppose 3*c - 4*h = 527, -6*c + 3*c + h = -539. What is the remainder when c is divided by 54?
19
Suppose -4*w + 5*x = 15, -x - 2 = 3*w - 5. Let l = 3 - w. Suppose 4*o - g - 86 - 130 = 0, -3*g + 177 = l*o. Calculate the remainder when o is divided by 20.
15
What is the remainder when 589 is divided by (282/(-21))/(-18 + (-868)/(-49))?
25
Suppose k = 5*i + 13 + 20, 4*k - 220 = -2*i. What is the remainder when 438 is divided by k?
14
Suppose 21 = 2*l + 31, l = -5*y + 25. Calculate the remainder when 5097 is divided by y.
3
Calculate the remainder when 1248 is divided by 2/3*6327/38.
27
Let l(i) = -132*i**2 + 2580*i - 6. What is the remainder when l(19) is divided by 233?
197
Let r be -6*7*9/6. What is the remainder when (-14)/r + (-1346)/(-18) is divided by ((-25)/(-5))/(1/4)?
15
Suppose -6*f + 9*f = -p + 61, 2*f = -4*p + 34. Suppose -f*q + 39*q = 3492. What is the remainder when q is divided by 14?
12
Let d(y) = -y**3 - 46*y**2 + 681*y + 18. Calculate the remainder when d(10) is divided by 314.
286
Let j = -226 - -402. Let d = j - 129. What is the remainder when d is divided by 4?
3
Let r be (1/3)/(1/129). Suppose -3*v = 2*a + 56 + 27, 5*v = -3*a - 127. Let c = r + a. Calculate the remainder when 25 is divided by c.
7
Let l(b) = -2*b**2 - 18*b + 4. Suppose 0 = a - 5*a - 28. Calculate the remainder when l(a) is divided by 22.
10
Suppose -3*h - 2162 = -2*j, 725 = -h - 3*j + 8*j. Let z = -628 - h. What is the remainder when z is divided by 10?
2
Let u be (2 - 4)*(-6)/4. Let c(i) = i - 8 - u*i + i. Calculate the remainder when 39 is divided by c(-18).
9
Let u = -69 + 150. Let j(w) = 24*w - 95. Let a be j(4). Calculate the remainder when u is divided by (-2)/3*(-252)/8*a.
18
Let z = -19 + 7. Suppose 0 = 4*q + 5*v - 175, 0 = -q - 2*v + 5*v + 48. What is the remainder when q is divided by (52/z)/((-3)/9)?
6
Let h be -1 + 4 - (-539)/(-1 - -2). Let u = -478 + h. Calculate the remainder when u is divided by 23.
18
Suppose -14029 = j - 12*j + 986. Calculate the remainder when j is divided by 171.
168
Suppose -8*j + 19*j = 5*s - 5462, 2*s = -5*j + 2213. What is the remainder when s is divided by 37?
26
Let r = -365 + 361. What is the remainder when 166 is divided by (r - -20) + 14 + -9?
19
Suppose 351*g - 35445 = -559*g - 862*g - 591*g. Let s(b) = -b - 2*b**3 - 2*b**2 - 2 + 3 - 3. Calculate the remainder when g is divided by s(-2).
7
Let u = 4212 + -1821. Calculate the remainder when u is divided by 6.
3
Let r = 270 - 124. Let f = 284 - r. What is the remainder when f is divided by 20?
18
Let o(j) = -6*j**2 - 3*j**2 + 15 + 17*j**2 + 6*j - 9*j**2. Calculate the remainder when 47 is divided by o(7).
7
Let i = -2862 + 4225. Calculate the remainder when i is divided by 65.
63
Suppose 0 = -32*c + 8632 + 5416. Suppose 0*q = q - 11. What is the remainder when c is divided by q?
10
Suppose g = -5*k - 791, 2592 + 632 = -4*g - 5*k. Let c = -366 - g. What is the remainder when c is divided by 56?
53
Let p(u) = 3*u**3 - 9*u**2 + 8*u - 14. Suppose q + 0*t + 2 = 2*t, -3*t = -4*q + 7. Calculate the remainder when 461 is divided by p(q).
65
Suppose -u - 601 = -4*w - 588, 0 = 2*u - 2*w - 16. What is the remainder when 201 is divided by u?
6
Let z(p) = p + 18. Suppose 2*l - h = -24, -2*l - 36 = l + 4*h. Let g(b) = b**3 - 3*b**2 - 6*b - 5. Calculate the remainder when g(5) is divided by z(l).
3
Suppose -20 = 3*p + 2*p. What is the remainder when (4 - (-34)/p)/(3/(-66)) is divided by 51?
48
Suppose k - 51 = -4*j + 2*k, -3*j + 27 = 3*k. What is the remainder when 18539 is divided by j?
11
Let l = 19 + -7. What is the remainder when -5*58*(-8)/80 is divided by l?
5
Calculate the remainder when 3/(-10) + 8075/250 is divided by 8.
0
Suppose -6*w = 3*w - 2028 + 300. What is the remainder when w is divided by 17?
5
Let k be (6/8)/((-2)/8). Let u(x) = -x**3 - 2*x**2 + 2*x. Suppose 0 = h - 4*d + 2, -5*h + 35*d + 9 = 34*d. What is the remainder when u(k) is divided by h?
1
Let j = 3509 - 1682. Calculate the remainder when j is divided by 55.
12
Let c(s) = 56*s**2 + 481*s + 477. What is the remainder when c(-1) is divided by 170/4 + 1/2?
9
Let v(y) = y + 1. Let l be (-7)/(-7) - (0 + 2). Let x(c) = -10*c - 6. Let g(m) = l*x(m) - v(m). What is the remainder when g(5) is divided by 17?
16
Let a(k) = -10*k + 4. Calculate the remainder when a(-5) is divided by 5*(6 - 15 - -11).
4
Let a = -1 + 13. Suppose 79*z - 90*z + 220 = 0. What is the remainder when z is divided by a?
8
Suppose 0 = 6*k - 5*n - 6331, -196*k + 1054 = -195*k - 2*n. What is the remainder when k is divided by 351?
3
Let a(d) = -d + 2. What is the remainder when (1395/(-60) - -12)/(3/(-12)) is divided by a(-5)?
3
Suppose 1974*c = 1985*c - 363. Let m(f) = 22*f**2 - f + 2. What is the remainder when m(2) is divided by c?
22
Suppose 4*g - 3*t = 256, -4*g + 332 = -5*t + 68. Suppose 3 = p, -2*p = -m + 6*m - 51. Calculate the remainder when g is divided by m.
7
Let o = 615 - 198. Let f = 109 - 49. What is the remainder when o is divided by f?
57
Suppose -28*d + 15831 + 5029 = 0. Calculate the remainder when d is divided by 150.
145
Let v = -112 + 211. Suppose 2*z = -2*q + 104, 5*z + q + 0*q - 268 = 0. Calculate the remainder when v is divided by z.
45
Suppose 0 = -3*f + 5*o + 105, -2*f = o + 4*o - 70. What is the remainder when 1395 is divided by f?
30
Suppose -42 = -2*p + 680. What is the remainder when p is divided by ((-54)/189)/((-19)/494*(-1)/(-7))?
49
Let s = 1942 - 1375. Let n = s + -378. What is the remainder when n is divided by 32?
29
Suppose 572 - 149 = -9*a. Let i = a + 90. Calculate the remainder when 59 is divided by i.
16
Calculate the remainder when (12/(-18))/((-8)/564) is divided by 14.
5
Let n = -125 - -129. Let x be 5*n/(-12)*(-3 - 0). What is the remainder when x + 3*(-40)/(-12) is divided by 10?
5
Let b = -2602 - -5378. What is the remainder when 6 + b/16 + 4/(-8